{"id":597,"date":"2025-06-25T14:12:20","date_gmt":"2025-06-25T14:12:20","guid":{"rendered":"https:\/\/www.connishiva.com\/?page_id=597"},"modified":"2026-03-17T14:55:55","modified_gmt":"2026-03-17T14:55:55","slug":"cgv","status":"publish","type":"page","link":"https:\/\/www.connishiva.com\/english\/cgv\/","title":{"rendered":"GTC"},"content":{"rendered":"<div data-elementor-type=\"wp-page\" data-elementor-id=\"597\" class=\"elementor elementor-597\" data-elementor-post-type=\"page\">\n\t\t\t\t<div class=\"elementor-element elementor-element-498f0c52 e-flex e-con-boxed e-con e-parent\" data-id=\"498f0c52\" data-element_type=\"container\" data-e-type=\"container\">\n\t\t\t\t\t<div class=\"e-con-inner\">\n\t\t\t\t<div class=\"elementor-element elementor-element-1fb861f8 elementor-widget elementor-widget-text-editor\" data-id=\"1fb861f8\" data-element_type=\"widget\" data-e-type=\"widget\" data-widget_type=\"text-editor.default\">\n\t\t\t\t<div class=\"elementor-widget-container\">\n\t\t\t\t\t\t\t\t\t<h1>\u00a0<\/h1><h1>Terms and Conditions<\/h1><p>These Terms and Conditions apply to all sales made via the website <a href=\"https:\/\/www.connishiva.com\">https:\/\/www.connishiva.com<\/a>operated by Cornelia Buttmann-Scholl, a sole trader registered under the French SIRET number 42429215900060.<\/p><p>\u2014<\/p><p><strong>1. Products and services offered<\/strong><\/p><p>The website offers the following items for sale:<br \/>\u2013 Handcrafted Shibori textile creations<br \/>\u2013 Downloadable tutorials<br \/>\u2013 Services (courses, workshops)<\/p><p>As each textile item is unique, slight variations in colour, pattern or texture may occur. Colours may also vary depending on the screen used. Natural indigo evolves over time: this is part of the living character of handcrafted dyeing.<\/p><p>\u2014<\/p><p><strong>2. Prices<\/strong><\/p><p>The prices displayed on the website are net prices. In accordance with Article 293B of the French General Tax Code, VAT is not applicable. Delivery costs are added at the time of ordering, depending on the country, weight, and value of the order.<\/p><p>\u2014<\/p><p><strong>3. Order and payment<\/strong><\/p><p>Payment is made online via the secure SumUp platform, by credit card or PayPal.<\/p><p>\u2014<\/p><p><strong>4. Delivery<\/strong><\/p><p>- Delivery in mainland France is via Mondial Relay at a flat rate of \u20ac6, regardless of the value of the order.<\/p><p>- For orders to certain European countries (Germany, Austria, Belgium, Spain, Italy, Luxembourg, Netherlands, Poland), delivery is also made via Mondial Relay for a flat rate of \u20ac15.<\/p><p data-start=\"528\" data-end=\"715\">- For any other destination in the world, please contact me before placing your order so that I can calculate the shipping costs and find the most suitable solution.<\/p><p><br data-start=\"1528\" data-end=\"1531\" \/>\u2013 For products in stock: dispatch within 3 to 5 working days.<\/p><p>\u2014<\/p><p><strong>5. Right of withdrawal<\/strong><\/p><p>In accordance with Article L221-18 of the French Consumer Code, the buyer has a period of 14 days from receipt of the product to exercise their right of withdrawal, without having to provide any reason.<\/p><p>The return costs are the responsibility of the buyer. Refunds will be made within a maximum of 14 days after receipt of the returned product in good condition.<\/p><p>\u2014<\/p><p><strong>6. Intellectual property<\/strong><\/p><p>All content on the website (text, images, visuals, videos, logos) is protected by copyright and remains the exclusive property of Cornelia Buttmann-Scholl.<\/p><p>\u2014<\/p><p><strong>7. Liability<\/strong><\/p><p>Cornelia Buttmann-Scholl cannot be held liable for damage resulting from misuse of the products purchased, inappropriate use or lack of maintenance. Handcrafted textiles must be washed by hand, in cold water, with care appropriate for natural indigo.<\/p><p>\u2014<\/p><p><strong>Last updated: July 2025<\/strong><\/p>\t\t\t\t\t\t\t\t<\/div>\n\t\t\t\t<\/div>\n\t\t\t\t\t<\/div>\n\t\t\t\t<\/div>\n\t\t\t\t<\/div>","protected":false},"excerpt":{"rendered":"<p>\u00a0 Conditions G\u00e9n\u00e9rales de Vente Les pr\u00e9sentes Conditions G\u00e9n\u00e9rales de Vente s\u2019appliquent \u00e0 toutes les ventes r\u00e9alis\u00e9es via le site [&hellip;]<\/p>\n","protected":false},"author":1,"featured_media":0,"parent":0,"menu_order":0,"comment_status":"closed","ping_status":"closed","template":"elementor_header_footer","meta":{"site-sidebar-layout":"default","site-content-layout":"","ast-site-content-layout":"default","site-content-style":"default","site-sidebar-style":"default","ast-global-header-display":"","ast-banner-title-visibility":"","ast-main-header-display":"","ast-hfb-above-header-display":"","ast-hfb-below-header-display":"","ast-hfb-mobile-header-display":"","site-post-title":"","ast-breadcrumbs-content":"","ast-featured-img":"","footer-sml-layout":"","ast-disable-related-posts":"","theme-transparent-header-meta":"","adv-header-id-meta":"","stick-header-meta":"","header-above-stick-meta":"","header-main-stick-meta":"","header-below-stick-meta":"","astra-migrate-meta-layouts":"default","ast-page-background-enabled":"default","ast-page-background-meta":{"desktop":{"background-color":"var(--ast-global-color-5)","background-image":"","background-repeat":"repeat","background-position":"center center","background-size":"auto","background-attachment":"scroll","background-type":"","background-media":"","overlay-type":"","overlay-color":"","overlay-opacity":"","overlay-gradient":""},"tablet":{"background-color":"","background-image":"","background-repeat":"repeat","background-position":"center center","background-size":"auto","background-attachment":"scroll","background-type":"","background-media":"","overlay-type":"","overlay-color":"","overlay-opacity":"","overlay-gradient":""},"mobile":{"background-color":"","background-image":"","background-repeat":"repeat","background-position":"center center","background-size":"auto","background-attachment":"scroll","background-type":"","background-media":"","overlay-type":"","overlay-color":"","overlay-opacity":"","overlay-gradient":""}},"ast-content-background-meta":{"desktop":{"background-color":"var(--ast-global-color-4)","background-image":"","background-repeat":"repeat","background-position":"center center","background-size":"auto","background-attachment":"scroll","background-type":"","background-media":"","overlay-type":"","overlay-color":"","overlay-opacity":"","overlay-gradient":""},"tablet":{"background-color":"var(--ast-global-color-4)","background-image":"","background-repeat":"repeat","background-position":"center center","background-size":"auto","background-attachment":"scroll","background-type":"","background-media":"","overlay-type":"","overlay-color":"","overlay-opacity":"","overlay-gradient":""},"mobile":{"background-color":"var(--ast-global-color-4)","background-image":"","background-repeat":"repeat","background-position":"center center","background-size":"auto","background-attachment":"scroll","background-type":"","background-media":"","overlay-type":"","overlay-color":"","overlay-opacity":"","overlay-gradient":""}},"footnotes":""},"class_list":["post-597","page","type-page","status-publish","hentry"],"yoast_head":"<!-- This site is optimized with the Yoast SEO plugin v27.5 - https:\/\/yoast.com\/product\/yoast-seo-wordpress\/ -->\n<title>CGV | Connishiva<\/title>\n<meta name=\"robots\" content=\"noindex, nofollow\" \/>\n<meta property=\"og:locale\" content=\"en_GB\" \/>\n<meta property=\"og:type\" content=\"article\" \/>\n<meta property=\"og:title\" content=\"CGV | Connishiva\" \/>\n<meta property=\"og:description\" content=\"\u00a0 Conditions G\u00e9n\u00e9rales de Vente Les pr\u00e9sentes Conditions G\u00e9n\u00e9rales de Vente s\u2019appliquent \u00e0 toutes les ventes r\u00e9alis\u00e9es via le site [&hellip;]\" \/>\n<meta property=\"og:url\" content=\"https:\/\/www.connishiva.com\/english\/cgv\/\" \/>\n<meta property=\"og:site_name\" content=\"Connishiva\" \/>\n<meta property=\"article:modified_time\" content=\"2026-03-17T14:55:55+00:00\" \/>\n<meta property=\"og:image\" content=\"https:\/\/www.connishiva.com\/wp-content\/uploads\/2025\/06\/logo-ko-e1749560471911.webp\" \/>\n\t<meta property=\"og:image:width\" content=\"512\" \/>\n\t<meta property=\"og:image:height\" content=\"512\" \/>\n\t<meta property=\"og:image:type\" content=\"image\/webp\" \/>\n<meta name=\"twitter:card\" content=\"summary_large_image\" \/>\n<meta name=\"twitter:label1\" content=\"Estimated reading time\" \/>\n\t<meta name=\"twitter:data1\" content=\"3 minutes\" \/>\n<script type=\"application\/ld+json\" class=\"yoast-schema-graph\">{\"@context\":\"https:\\\/\\\/schema.org\",\"@graph\":[{\"@type\":\"WebPage\",\"@id\":\"https:\\\/\\\/www.connishiva.com\\\/cgv\\\/\",\"url\":\"https:\\\/\\\/www.connishiva.com\\\/cgv\\\/\",\"name\":\"CGV | Connishiva\",\"isPartOf\":{\"@id\":\"https:\\\/\\\/www.connishiva.com\\\/#website\"},\"datePublished\":\"2025-06-25T14:12:20+00:00\",\"dateModified\":\"2026-03-17T14:55:55+00:00\",\"breadcrumb\":{\"@id\":\"https:\\\/\\\/www.connishiva.com\\\/cgv\\\/#breadcrumb\"},\"inLanguage\":\"en-GB\",\"potentialAction\":[{\"@type\":\"ReadAction\",\"target\":[\"https:\\\/\\\/www.connishiva.com\\\/cgv\\\/\"]}]},{\"@type\":\"BreadcrumbList\",\"@id\":\"https:\\\/\\\/www.connishiva.com\\\/cgv\\\/#breadcrumb\",\"itemListElement\":[{\"@type\":\"ListItem\",\"position\":1,\"name\":\"Accueil\",\"item\":\"https:\\\/\\\/www.connishiva.com\\\/\"},{\"@type\":\"ListItem\",\"position\":2,\"name\":\"CGV\"}]},{\"@type\":\"WebSite\",\"@id\":\"https:\\\/\\\/www.connishiva.com\\\/#website\",\"url\":\"https:\\\/\\\/www.connishiva.com\\\/\",\"name\":\"Cornelia Buttmann-Scholl\",\"description\":\"Shibori et teinture naturelle\",\"publisher\":{\"@id\":\"https:\\\/\\\/www.connishiva.com\\\/#organization\"},\"alternateName\":\"Connishiva\",\"potentialAction\":[{\"@type\":\"SearchAction\",\"target\":{\"@type\":\"EntryPoint\",\"urlTemplate\":\"https:\\\/\\\/www.connishiva.com\\\/?s={search_term_string}\"},\"query-input\":{\"@type\":\"PropertyValueSpecification\",\"valueRequired\":true,\"valueName\":\"search_term_string\"}}],\"inLanguage\":\"en-GB\"},{\"@type\":\"Organization\",\"@id\":\"https:\\\/\\\/www.connishiva.com\\\/#organization\",\"name\":\"Connishiva\",\"url\":\"https:\\\/\\\/www.connishiva.com\\\/\",\"logo\":{\"@type\":\"ImageObject\",\"inLanguage\":\"en-GB\",\"@id\":\"https:\\\/\\\/www.connishiva.com\\\/#\\\/schema\\\/logo\\\/image\\\/\",\"url\":\"https:\\\/\\\/www.connishiva.com\\\/wp-content\\\/uploads\\\/2025\\\/06\\\/logo-ko-e1749560471911.png\",\"contentUrl\":\"https:\\\/\\\/www.connishiva.com\\\/wp-content\\\/uploads\\\/2025\\\/06\\\/logo-ko-e1749560471911.png\",\"width\":512,\"height\":512,\"caption\":\"Connishiva\"},\"image\":{\"@id\":\"https:\\\/\\\/www.connishiva.com\\\/#\\\/schema\\\/logo\\\/image\\\/\"},\"sameAs\":[\"https:\\\/\\\/www.instagram.com\\\/conni_shiva\\\/\"]}]}<\/script>\n<!-- \/ Yoast SEO plugin. -->","yoast_head_json":{"title":"General Terms and Conditions | Connishiva","robots":{"index":"noindex","follow":"nofollow"},"og_locale":"en_GB","og_type":"article","og_title":"CGV | Connishiva","og_description":"\u00a0 Conditions G\u00e9n\u00e9rales de Vente Les pr\u00e9sentes Conditions G\u00e9n\u00e9rales de Vente s\u2019appliquent \u00e0 toutes les ventes r\u00e9alis\u00e9es via le site [&hellip;]","og_url":"https:\/\/www.connishiva.com\/english\/cgv\/","og_site_name":"Connishiva","article_modified_time":"2026-03-17T14:55:55+00:00","og_image":[{"width":512,"height":512,"url":"https:\/\/www.connishiva.com\/wp-content\/uploads\/2025\/06\/logo-ko-e1749560471911.webp","type":"image\/webp"}],"twitter_card":"summary_large_image","twitter_misc":{"Estimated reading time":"3 minutes"},"schema":{"@context":"https:\/\/schema.org","@graph":[{"@type":"WebPage","@id":"https:\/\/www.connishiva.com\/cgv\/","url":"https:\/\/www.connishiva.com\/cgv\/","name":"General Terms and Conditions | Connishiva","isPartOf":{"@id":"https:\/\/www.connishiva.com\/#website"},"datePublished":"2025-06-25T14:12:20+00:00","dateModified":"2026-03-17T14:55:55+00:00","breadcrumb":{"@id":"https:\/\/www.connishiva.com\/cgv\/#breadcrumb"},"inLanguage":"en-GB","potentialAction":[{"@type":"ReadAction","target":["https:\/\/www.connishiva.com\/cgv\/"]}]},{"@type":"BreadcrumbList","@id":"https:\/\/www.connishiva.com\/cgv\/#breadcrumb","itemListElement":[{"@type":"ListItem","position":1,"name":"Accueil","item":"https:\/\/www.connishiva.com\/"},{"@type":"ListItem","position":2,"name":"CGV"}]},{"@type":"WebSite","@id":"https:\/\/www.connishiva.com\/#website","url":"https:\/\/www.connishiva.com\/","name":"Cornelia Buttmann-Scholl","description":"Shibori and natural dyeing","publisher":{"@id":"https:\/\/www.connishiva.com\/#organization"},"alternateName":"Connishiva","potentialAction":[{"@type":"SearchAction","target":{"@type":"EntryPoint","urlTemplate":"https:\/\/www.connishiva.com\/?s={search_term_string}"},"query-input":{"@type":"PropertyValueSpecification","valueRequired":true,"valueName":"search_term_string"}}],"inLanguage":"en-GB"},{"@type":"Organization","@id":"https:\/\/www.connishiva.com\/#organization","name":"Connishiva","url":"https:\/\/www.connishiva.com\/","logo":{"@type":"ImageObject","inLanguage":"en-GB","@id":"https:\/\/www.connishiva.com\/#\/schema\/logo\/image\/","url":"https:\/\/www.connishiva.com\/wp-content\/uploads\/2025\/06\/logo-ko-e1749560471911.png","contentUrl":"https:\/\/www.connishiva.com\/wp-content\/uploads\/2025\/06\/logo-ko-e1749560471911.png","width":512,"height":512,"caption":"Connishiva"},"image":{"@id":"https:\/\/www.connishiva.com\/#\/schema\/logo\/image\/"},"sameAs":["https:\/\/www.instagram.com\/conni_shiva\/"]}]}},"jetpack_sharing_enabled":true,"_links":{"self":[{"href":"https:\/\/www.connishiva.com\/english\/wp-json\/wp\/v2\/pages\/597","targetHints":{"allow":["GET"]}}],"collection":[{"href":"https:\/\/www.connishiva.com\/english\/wp-json\/wp\/v2\/pages"}],"about":[{"href":"https:\/\/www.connishiva.com\/english\/wp-json\/wp\/v2\/types\/page"}],"author":[{"embeddable":true,"href":"https:\/\/www.connishiva.com\/english\/wp-json\/wp\/v2\/users\/1"}],"replies":[{"embeddable":true,"href":"https:\/\/www.connishiva.com\/english\/wp-json\/wp\/v2\/comments?post=597"}],"version-history":[{"count":28,"href":"https:\/\/www.connishiva.com\/english\/wp-json\/wp\/v2\/pages\/597\/revisions"}],"predecessor-version":[{"id":1839,"href":"https:\/\/www.connishiva.com\/english\/wp-json\/wp\/v2\/pages\/597\/revisions\/1839"}],"wp:attachment":[{"href":"https:\/\/www.connishiva.com\/english\/wp-json\/wp\/v2\/media?parent=597"}],"curies":[{"name":"wp","href":"https:\/\/api.w.org\/{rel}","templated":true}]}}